 + 3. Let i be h(6). Let w be (12/10)/((-18)/i). Let c = w + 3. What is the remainder when c is divided by 5?
2
Suppose 3*n + 97 = -3*o + 307, -2*n = -3*o + 195. What is the remainder when o is divided by 58?
9
Suppose u = -4*u + 65. Calculate the remainder when 3/(-1) - (-27 - u) is divided by 10.
7
Let q(f) = f**2 - 11*f. Let a be q(12). Suppose 0 = -6*s + 90 - a. What is the remainder when s is divided by 4?
1
Suppose -4*q - 7*y = -3*y - 1020, -4*y = 2*q - 512. Calculate the remainder when q is divided by 45.
29
Suppose 0 = -c - 5*f - 1, 2*f = -c - 0*f + 5. Suppose -29*o + 23 = -6*o. Let h = o + c. Calculate the remainder when h is divided by 6.
4
Suppose -2 + 6 = l, -2*l + 38 = 5*c. What is the remainder when (-4)/16*0 + (4 - -42) is divided by c?
4
Let m be (-1)/1*1*-5. Let k(a) = 12*a - 4. Let w be k(m). Suppose 3*x + 102 = 2*q, -3*q = -2*q + x - w. What is the remainder when q is divided by 14?
12
Let q be (2/2*2)/(1/4). Calculate the remainder when 74 is divided by (-3)/(-12) - (1 + (-166)/q).
14
Let j(d) = -d**2 + 6*d + 4. Let s be j(6). Suppose s = -2*g + 22. What is the remainder when 24 is divided by g?
6
Suppose -2*u = -6*u. Let l = u - -2. Suppose -4*v + l = -50. Calculate the remainder when 49 is divided by v.
10
What is the remainder when (3/6)/(2/(-4)) + 1309 is divided by 77?
76
Let r(b) = b - 1. Let o be r(3). Let i(v) = 5*v**2 - 1. Calculate the remainder when i(-2) is divided by 8 + -2 - o/(-2).
5
Suppose 2*o = o + 23. What is the remainder when 135 is divided by o?
20
Let o = 427 - 312. What is the remainder when o is divided by 32?
19
Suppose 9*b - 156 = -12. Suppose 0 = -s + 2*s - 77. Calculate the remainder when s is divided by b.
13
Let m be 14/8 - (-7)/28. Let w(l) = -l - 2. Let a be w(m). Calculate the remainder when (-173)/a - 11/44 is divided by 11.
10
Let w = -11571 + 11604. Suppose 4*r + 3 = -q + 9, 0 = 2*r. What is the remainder when w is divided by q?
3
Let r(m) = m**2 - m + 14. Calculate the remainder when ((-13534)/(-505))/((-2)/(-5)) is divided by r(0).
11
Suppose -6*s = s - 539. What is the remainder when s is divided by 22?
11
Let k(w) = 23*w + 5. Let n be k(11). What is the remainder when (n/(-4))/(5/2 + -3) is divided by 33?
30
Let h(r) = 2*r**3 - 58*r**2 + 10*r + 35. Calculate the remainder when h(29) is divided by 30.
25
Let a(m) = -51*m - 84. What is the remainder when a(-3) is divided by 25?
19
Let n(o) = -o**2 - 21*o + 48. Calculate the remainder when 622 is divided by n(0).
46
Suppose 5*j - 34 = 6. Let c(n) = n**2 - n - 6. Let f be c(-4). Let k = f - -1. Calculate the remainder when k is divided by j.
7
Suppose -1 - 17 = -f + 2*l, -5*f + l + 45 = 0. Suppose -13*x = -f*x - 170. Calculate the remainder when 60 is divided by x.
26
Suppose 2*k + 40 = 84. Calculate the remainder when 174 is divided by k.
20
Let j = -9 - -30. Let i(t) = t + 9. Let d = 26 + -29. Calculate the remainder when j is divided by i(d).
3
Let o(l) = l**3 - 5*l**2 - 2*l - 5. Suppose 20 = 4*s + p - 1, 3 = -p. Let k = 76 - 39. Calculate the remainder when k is divided by o(s).
18
Let j = -417 + 643. What is the remainder when j is divided by 33?
28
Suppose -20 = h - 3*h. What is the remainder when h is divided by 6 + (2/(-2) - -2)?
3
Suppose 2*n = 16 + 10. What is the remainder when ((-6)/(-8))/((-4 - -5)/68) is divided by n?
12
Let r = 199 - 183. Calculate the remainder when 77 is divided by r.
13
Let a = -110 + 119. What is the remainder when 394 is divided by a?
7
Let g(b) = -b**3 - 3*b**2 + 5*b + 4. Let x be g(-4). Suppose 2*c + 5*j = 93, -4*c + 3*j = -x*c - 173. What is the remainder when c is divided by 9?
8
Let s be 3/12 + 2/(-8). Suppose -4*o - 3*b + 12 = s, 5*b = 4*o + o - 15. What is the remainder when 208/34 - ((-576)/306 - -2) is divided by o?
0
Let g be 3/((-18)/(-177))*2. Suppose -67 - g = -3*u. What is the remainder when u is divided by 15?
12
Suppose 20 = t + 2*o, -3*t = -4*o - 64 - 36. Calculate the remainder when 557 is divided by t.
25
Let j(a) = -186*a - 158. What is the remainder when j(-2) is divided by 54?
52
Suppose 10*j + 132 = 9*j. What is the remainder when 125 is divided by 40/6*j/(-55)?
13
Suppose -4*x - 172 = -0*x. Let z = x - -60. What is the remainder when z is divided by (-4)/14 - (8580/(-91))/15?
5
Suppose -48*f + 48054 = -90138. Calculate the remainder when f is divided by 64.
63
Suppose -y = 2*y - 75. Suppose -4*z = -y - 23. What is the remainder when z is divided by 3?
0
Let u = 41 + 117. What is the remainder when u is divided by (3 - (2 - 2)) + 23 + 1?
23
What is the remainder when 8606/12 - 250/(-300) is divided by 72?
70
What is the remainder when 54 is divided by (-16)/(((-45)/(-18))/(-5))?
22
Let n(c) = 5*c**2 + 2*c. Suppose l - 2*l - 3 = 2*p, -2*l = 3*p + 3. What is the remainder when n(l) is divided by 20?
11
Suppose 2*b - 45 = -17. Let d = -3 + 6. Suppose 0 = -6*m + 21 + d. Calculate the remainder when b is divided by m.
2
Let z = 843 + -811. What is the remainder when 61 is divided by z?
29
Suppose 5*b - 23 = 17. Calculate the remainder when b is divided by 3.
2
Let l(b) = -b**2 + 13*b + 14. Let y be l(14). Let u = 13 - 8. Suppose -5*z + u*r + 230 = 0, -5 + y = r. What is the remainder when z is divided by 14?
13
What is the remainder when 809 is divided by ((-1392)/(-8))/((-1)/((-6)/9))?
113
Let x be (2/4)/((-2)/(-20)). Suppose 0*u + u = -x. What is the remainder when 204/3 + (-4 - u) is divided by 18?
15
Let k be ((-28)/6)/2*54/6. Let i(c) = -c**3 + 7*c**2 - 3*c + 2. Calculate the remainder when (-6)/21 + (-1245)/k is divided by i(6).
19
Suppose 64 + 269 = 9*l. What is the remainder when 83 is divided by l?
9
Let a = -92 - -96. Suppose a*s - 5*t - 99 + 6 = 0, -5*t - 71 = -3*s. Calculate the remainder when (-453)/(-7) - 8/(-28) is divided by s.
21
Let h be (-14)/(-5) - 4/(-20). Suppose 3*l - 339 = -h. Suppose 4*v = -4*k + 104, 2*v - 5*v = 4*k - 81. What is the remainder when l is divided by v?
20
Let k(d) = 21*d**2 - 22*d + 65. What is the remainder when k(4) is divided by 42?
19
Let u(y) = -y**3 - 2*y + 8. Let s = -35 - -153. Calculate the remainder when s is divided by u(0).
6
Suppose -26*k + 30 = 5*p - 31*k, 4*p + 3*k = 38. What is the remainder when 933 is divided by p?
5
Suppose 4*r = -4*p + 372, 3*r + 291 = 27*p - 24*p. Calculate the remainder when p is divided by 54.
41
Suppose 360 = 33*p - 23*p. What is the remainder when 1005 is divided by p?
33
Let v(m) = m**2 + 32*m + 177. Calculate the remainder when 538 is divided by v(-29).
88
Suppose 157 = 2*g + 3*g + j, -84 = -3*g - 4*j. Let w = g - 10. What is the remainder when w is divided by 12?
10
Suppose 0*h = -3*h + 576. Let s = h - 110. Suppose 0 = -a - 18 + s. Calculate the remainder when a is divided by 22.
20
Suppose 4*h + 1 = -3. Calculate the remainder when -3 - (h + -2 + -68) is divided by ((-138)/24)/(2/(-8)).
22
Suppose 87 = 4*b - 89. Let m be (-4)/(-22) - (-432)/b. Calculate the remainder when 29 is divided by 9/(-15) - (-156)/m.
14
Calculate the remainder when 68 is divided by (-44)/(20/(10/(-1))).
2
Suppose 3*w - 24 = -2*n, 2*n = -w - 0*n + 4. What is the remainder when w is divided by 10/(7 + -5) + 1?
4
Let g be (11 - 12)*(0/(-2) + -5). What is the remainder when (g/4)/((-2)/(-8)) is divided by (1 + 3)*9/12?
2
Let o = -98 - -171. Let z = o - 70. What is the remainder when (-2)/3 + 52/6 is divided by z?
2
Let u(h) = 7*h**3 - 8*h**2 + 15*h + 2. Calculate the remainder when u(4) is divided by 32.
30
Suppose -10*l + 2*f + 489 = -5*l, 0 = -2*l - 2*f + 190. What is the remainder when 1743 is divided by l?
94
Let a(t) = -2*t**3 - 5*t**2 - 4*t + 7. Calculate the remainder when a(-5) is divided by ((-1)/(-3))/(7/819).
35
Suppose y - k - 51 = 0, k + 112 + 45 = 3*y. Let c = -36 + y. What is the remainder when 65 is divided by c?
14
Let u(s) = -13*s + 1174. Calculate the remainder when u(-70) is divided by 139.
138
Let l(o) = -o**3 - 7*o**2 - 2*o - 3. Let y = 775 + -724. Calculate the remainder when y is divided by l(-7).
7
Calculate the remainder when 89 is divided by (-1 + 1 - -5)*(11 + -8).
14
Let h(b) = -4*b + 1. Let i(p) = -p. Let q(k) = h(k) - 3*i(k). Suppose 2*j - 16 = 4*v, -5*v - j - 20 = -3*j. What is the remainder when 14 is divided by q(v)?
4
Let u(c) = -2*c. Let v be u(-2). Let m be v/((-7)/(42/(-4))). Calculat